 is the highest common divisor of 175 and l?
25
Let r(x) = 2*x**3 + x**2 + 2*x - 2. Let k be r(2). What is the greatest common factor of 11 and k?
11
Suppose 5*k = 3*o + 14, 6 = -3*o - 5*k + 32. Let b = 3 - 1. Suppose o + 22 = 3*a + b*q, -3*a + 15 = -q. Calculate the greatest common divisor of a and 6.
6
Suppose 0 = -3*j + 17 + 13. Calculate the highest common factor of 70 and j.
10
Suppose 2*b = -k + 16, 4*k - 40 = -b + 3. Let y(s) = -2*s - 9. Let r be y(-7). Calculate the greatest common divisor of k and r.
5
Suppose 5*m + 193 = -4*r + 582, -2*m - 445 = -5*r. Calculate the greatest common divisor of 13 and r.
13
Let d(y) be the first derivative of -y**4/4 - 2*y**3/3 + 3*y**2 + 9*y - 4. Let n be d(-6). Let g = 42 - 29. Calculate the highest common factor of n and g.
13
Let x = -3 - -2. Let m = x - -5. Suppose -m*f + 10 = -150. What is the greatest common factor of f and 8?
8
Suppose -5*v + h + 32 = -28, 0 = -3*v + 5*h + 36. Calculate the highest common factor of 4 and v.
4
Let g(r) = r**3 + 24*r**2 - 3*r - 52. Let t be g(-24). Calculate the highest common factor of 2 and t.
2
Let k be (-440)/(-132)*3/(-10)*-16. Calculate the greatest common factor of k and 32.
16
Let m(s) = 4*s + 2 + s**2 - 4*s**2 - 4 + 3*s**3. Suppose -5*n + 10 = -0*t + t, 0 = 4*t. Let p be m(n). What is the greatest common divisor of 12 and p?
6
Suppose -20 = -3*d - 2*d. Calculate the highest common factor of d and 16.
4
Suppose 4*h + h = -185. Let n = 23 - h. Suppose 0 = -6*m + m + n. What is the greatest common factor of 48 and m?
12
Let f be 1275/34*16/6. Calculate the greatest common factor of f and 25.
25
Suppose 5*l + 77 = 4*s, 37 - 13 = 3*s + 3*l. Suppose 6*w = 4*w + 234. Calculate the highest common divisor of s and w.
13
Let o(r) = r**3 + 5*r**2 + 5*r + 2. Let s be o(-3). Let y = -6 + s. Let g(f) = 44*f**2 - f. Let q be g(y). Calculate the highest common factor of 9 and q.
9
Suppose 0 = -3*g + 4*p - 21, -4*p - 26 = 4*g + 2. Let o = g - -11. What is the highest common factor of o and 2?
2
Suppose -46*b = -48*b + 2. Calculate the greatest common factor of 13 and b.
1
Suppose t = f + 2*f - 699, 2*f = 2*t + 470. Suppose -2*g - 2*l - l = -164, -3*g = l - f. Calculate the greatest common divisor of g and 19.
19
Let q = 34 + -20. Suppose q = 5*c - 3*c. Calculate the greatest common divisor of 28 and c.
7
Let f = -49 - -70. Suppose -4*d + 23 = -4*o - 5, -5*o - 11 = -d. Let j = d - 3. Calculate the highest common factor of f and j.
3
Suppose 0 = 32*d - 29*d - 39. What is the greatest common divisor of 104 and d?
13
Let d = 74 + -64. Calculate the greatest common divisor of 290 and d.
10
Suppose -5*c = 300 - 800. What is the highest common divisor of c and 20?
20
Suppose 1 = -g + 3. Suppose g*q - z = 64, q - 2*z + 6 = 38. What is the greatest common factor of 8 and q?
8
Let a(w) = 10*w. Let g be a(2). What is the highest common factor of 140 and g?
20
Let m(n) = 3*n**2 - 3*n - 3. Let s be m(4). Let o be ((-8)/(-6))/(4/66). What is the greatest common divisor of s and o?
11
Let n = -17 - -24. Let g(x) = x**3 + 5*x**2 - 2*x - 3. Let b be g(-5). What is the highest common divisor of n and b?
7
Suppose -1 = 21*w - 22*w. What is the greatest common divisor of 8 and w?
1
Let q = 17 + -10. Let z = -8 - -19. Let o = 25 - z. Calculate the highest common divisor of o and q.
7
Let p(v) = v**3 - 11*v**2 + 20*v - 9. Let m be p(9). What is the highest common factor of m and 99?
9
Let n = -50 - -79. Let l = 9 + n. What is the highest common divisor of l and 19?
19
Suppose -3*p - m + 631 = 0, 4*p - p - 635 = -2*m. What is the greatest common divisor of 19 and p?
19
Let i be ((-15)/(-10))/((-6)/(-8)). Suppose -36 = -3*z + 18. What is the greatest common factor of z and i?
2
Suppose 0*w - 24 = -2*w. Suppose 0 = j + j + 24. Let d = j + 30. What is the highest common factor of d and w?
6
Suppose -3*m - 5*y = -7, 5*m - 5*y - 13 = 12. What is the greatest common factor of 44 and m?
4
Let w(a) = a**2 + a - 2. Let u be w(-3). Suppose u*q = 2 - 6. Let o be (-12)/(-3) + 1 + q. What is the highest common factor of o and 1?
1
Let f be (-1 - 0) + 2 - -5. Let b = 6 - 11. Let a = -2 - b. What is the greatest common divisor of f and a?
3
Let d be (-3 - 2)/((-4)/8*1). What is the highest common factor of 90 and d?
10
Let c(b) = 11*b. Let m(q) = q**3 - 3*q**2 + 1. Let v be m(2). Let h be c(v). Let r be 488/22 + 6/h. Calculate the greatest common factor of r and 66.
22
Let t be (-2)/(6/3) - 0. Let k be 135*t*-1*1. What is the highest common divisor of k and 15?
15
Let c = 53 - 21. Let i be 0/(2 + -5 - -2). Let b be 5 + 1 - (i - 2). Calculate the greatest common factor of b and c.
8
Suppose -375 = -5*y + 2*t, -4*y + 144 = -2*y - 2*t. What is the greatest common divisor of y and 11?
11
Let a = -6 + 21. Calculate the highest common divisor of a and 30.
15
Let s(w) = -4*w**3 + 2*w - 6. Let y be s(-3). Calculate the highest common factor of y and 16.
16
Let w(m) = 3*m - 3. Let x be w(2). Let c be -1 - (-10 + -3 - x). Suppose 0 = -v + p + 49, -p + 86 = v + v. What is the greatest common factor of c and v?
15
Suppose -4*g - 4*j + 19 = -3*g, -g - 5*j + 23 = 0. Let l be -5*(-1 - (g + 0)). Calculate the greatest common divisor of l and 5.
5
Suppose i = 5 - 0. Let s(z) = z - 3. Let f be s(i). What is the greatest common divisor of 10 and f?
2
Let j = 12 + -1. Let b(f) = 3*f + 5*f - 2*f**2 + f**2 - 1. Let n be b(6). Calculate the highest common factor of j and n.
11
Suppose -5*w = 5*u - 31 - 24, -12 = -w - 2*u. Let p be ((-72)/w)/(6/(-40)). Calculate the greatest common divisor of 16 and p.
16
Suppose -4*s - 4*x + 32 = 0, -3*s - x = 2*s - 60. What is the highest common divisor of 143 and s?
13
Suppose 4*j = -j + 4*t + 14, -3*t = -2*j. Calculate the highest common divisor of j and 3.
3
Suppose 4*l + 376 = 4*k, k - 2*l = -5*l + 78. Calculate the greatest common factor of k and 10.
10
Let o(f) = 9*f + 432. Let k be o(-43). Suppose 3*g = -0*g + 15. Calculate the greatest common factor of k and g.
5
Let v = 65 + -57. Calculate the greatest common factor of 64 and v.
8
Let m = -26 + 12. Suppose 5*k = 5*v, -2*v + 4*k + 0 = -4. Let l = v - m. What is the highest common divisor of l and 6?
6
Let o(a) = 2*a**2 + 6*a + 4. Let r be o(-6). Let i(p) = p + 8. Let k be i(0). Calculate the highest common factor of r and k.
8
Let j(u) = u**3 + 7*u**2 - u - 16. Let h be j(-5). What is the greatest common divisor of h and 13?
13
Suppose -4*f = f - 350. Suppose 177 = 5*d + 37. Calculate the highest common divisor of f and d.
14
Let a be ((-114)/10)/(1/(-5)). Let v(k) = 13*k - 1. Let j be v(3). Calculate the greatest common divisor of j and a.
19
Suppose 4*y + 2*w - 10 = 0, -4*y + 13 = y + 2*w. What is the highest common factor of 3 and y?
3
Suppose 4*c + c - 200 = 0. Let i be 4/(-6) + 119/21. Calculate the highest common factor of i and c.
5
Suppose 4*m - 3 = 3*g - 7, -4*m + 8 = 0. Suppose -g*o + 0 = -8. What is the highest common factor of 2 and o?
2
Let t = -78 - -79. Suppose 2*k - 3 = -i, 0 = 2*k + 4*i - 7*i - 15. Suppose -2*p + k - t = 0. Calculate the highest common factor of 4 and p.
1
Let p(t) = t**2 + 15*t - 19. Let k be p(-16). Let f = 19 - 11. Let a = k + f. Calculate the greatest common factor of 20 and a.
5
Suppose 4*i - 2*i - 14 = 0. Suppose 2*d - i*d + 3*l + 22 = 0, -4 = -4*l. Let x be 53 + 1/((-2)/(-4)). What is the greatest common factor of d and x?
5
Let p = 854 - 579. What is the highest common divisor of p and 25?
25
Suppose 1 = -y, -y + 4*y = a. Let x(f) = 3*f**2 - f. Let t be x(a). Calculate the highest common divisor of t and 150.
30
Let p be (-12)/30 - (-124)/10. What is the greatest common factor of p and 84?
12
Let c be 353/13 - (-6)/(-39). Let l = c + -19. What is the highest common factor of l and 8?
8
Suppose -5*r + 34 = -16. Calculate the highest common divisor of r and 80.
10
Suppose j + 5*y = 32, 2*j - y = 2*y - 1. Suppose 5*x + 34 = j*x. What is the highest common factor of 153 and x?
17
Let w(f) = -f**2 + 13*f + 10. Let m be w(11). Let i be 36/24*m/6. What is the greatest common factor of 2 and i?
2
Let p(x) = -88*x - 1. Let b be p(-1). Let r = -36 + b. Calculate the highest common factor of 17 and r.
17
Let c(k) be the third derivative of k**5/20 + 7*k**4/24 - k**3/3 + k**2. Let a be c(-5). What is the 